is divided by 101800.
36
Calculate the remainder when 3468416 is divided by 81.
77
Calculate the remainder when 18671908 is divided by 6223947.
67
What is the remainder when 938277 is divided by 11728?
37
What is the remainder when 757755 is divided by 91?
89
What is the remainder when 22871 is divided by 11378?
115
What is the remainder when 144970 is divided by 4998?
28
Calculate the remainder when 134765 is divided by 44875.
140
What is the remainder when 679490 is divided by 61?
11
What is the remainder when 1654390 is divided by 63?
10
What is the remainder when 1116827 is divided by 114?
83
Calculate the remainder when 18832 is divided by 2134.
1760
Calculate the remainder when 21576522 is divided by 8.
2
What is the remainder when 9577596 is divided by 91215?
21
What is the remainder when 204779 is divided by 40292?
3319
Calculate the remainder when 11538032 is divided by 2218.
2214
Calculate the remainder when 8912094 is divided by 2970696.
6
What is the remainder when 165031 is divided by 971?
932
Calculate the remainder when 8255260 is divided by 21.
13
Calculate the remainder when 1579722 is divided by 37612.
18
Calculate the remainder when 14822300 is divided by 187624.
4
What is the remainder when 6647588 is divided by 26275?
13
What is the remainder when 38890384 is divided by 3148?
3140
What is the remainder when 29706118 is divided by 51?
46
Calculate the remainder when 2031578 is divided by 249.
236
What is the remainder when 195908 is divided by 4360?
4068
Calculate the remainder when 36149 is divided by 17124.
1901
Calculate the remainder when 5275426 is divided by 1318852.
18
What is the remainder when 68630484 is divided by 7?
6
Calculate the remainder when 771998 is divided by 693.
689
What is the remainder when 19660022 is divided by 3932002?
12
Calculate the remainder when 2798242 is divided by 6433.
6320
Calculate the remainder when 1464870 is divided by 1190.
1170
Calculate the remainder when 1305978 is divided by 4398.
4170
Calculate the remainder when 123142 is divided by 2157.
193
What is the remainder when 34479789 is divided by 1788?
1785
What is the remainder when 1746675523 is divided by 525?
523
Calculate the remainder when 1322166 is divided by 8006.
1176
What is the remainder when 5085766 is divided by 299162?
12
Calculate the remainder when 35725 is divided by 737.
349
Calculate the remainder when 7112308 is divided by 535.
18
What is the remainder when 573869 is divided by 255?
119
What is the remainder when 181043 is divided by 90506?
31
Calculate the remainder when 225975367 is divided by 2953.
2948
What is the remainder when 135509 is divided by 45145?
74
What is the remainder when 3879 is divided by 1478?
923
Calculate the remainder when 479446 is divided by 1598.
46
Calculate the remainder when 359923 is divided by 277.
100
Calculate the remainder when 198436 is divided by 66045.
301
What is the remainder when 14471917 is divided by 1279?
32
What is the remainder when 24000 is divided by 497?
144
Calculate the remainder when 30502257 is divided by 5559.
24
Calculate the remainder when 1047127 is divided by 349035.
22
What is the remainder when 266116 is divided by 1618?
764
What is the remainder when 78305064 is divided by 32?
8
What is the remainder when 433814 is divided by 5942?
48
Calculate the remainder when 429105 is divided by 180.
165
What is the remainder when 15190736 is divided by 446786?
12
Calculate the remainder when 52732049 is divided by 95.
19
Calculate the remainder when 133673 is divided by 2224.
233
Calculate the remainder when 3137839 is divided by 1275.
64
What is the remainder when 102161 is divided by 9851?
3651
Calculate the remainder when 2271039 is divided by 79.
26
What is the remainder when 922817 is divided by 3634?
3415
What is the remainder when 1416205 is divided by 190?
135
What is the remainder when 61785810 is divided by 111?
102
Calculate the remainder when 955925 is divided by 11801.
44
Calculate the remainder when 1142766 is divided by 22.
20
Calculate the remainder when 32372 is divided by 723.
560
What is the remainder when 82124282 is divided by 101388?
2
Calculate the remainder when 3201 is divided by 168.
9
Calculate the remainder when 81381 is divided by 8138.
1
What is the remainder when 245775 is divided by 3668?
19
Calculate the remainder when 209058471 is divided by 42.
27
Calculate the remainder when 736026 is divided by 5184.
5082
What is the remainder when 6870119 is divided by 105694?
9
Calculate the remainder when 63996 is divided by 12783.
81
What is the remainder when 793062 is divided by 161?
137
Calculate the remainder when 4223926 is divided by 5458.
4892
Calculate the remainder when 12018715 is divided by 176.
27
What is the remainder when 1519152 is divided by 363?
360
What is the remainder when 55988472 is divided by 89?
85
Calculate the remainder when 31822696 is divided by 1027.
74
Calculate the remainder when 333556693 is divided by 4.
1
Calculate the remainder when 135669 is divided by 955.
59
Calculate the remainder when 188773 is divided by 430.
3
Calculate the remainder when 31734 is divided by 6786.
4590
What is the remainder when 4335073 is divided by 6149?
28
What is the remainder when 8306869 is divided by 481?
480
What is the remainder when 365969 is divided by 121973?
50
What is the remainder when 130904 is divided by 32054?
2688
What is the remainder when 25381 is divided by 788?
165
What is the remainder when 15278672 is divided by 6136?
32
What is the remainder when 97676 is divided by 7471?
553
What is the remainder when 646832 is divided by 1490?
172
Calculate the remainder when 3905910 is divided by 3905557.
353
Calculate the remainder when 105743 is divided by 21141.
38
Calculate the remainder when 60350 is divided by 8257.
2551
What is the remainder when 1453807 is divided by 34?
1
Calculate the remainder when 25055 is divided by 24266.
789
What is the remainder when 4304425 is divided by 43?
39
Calculate the remainder when 206765 is divided by 103319.
127
What is the remainder when 249809 is divided by 82602?
2003
What is the remainder when 2302049 is divided by 1092?
113
Calculate the remainder when 86467 is divided by 84746.
1721
What is the remainder when 392352 is divided by 15694?
2
What is the remainder when 90109279 is divided by 40?
39
What is the remainder when 4815698 is divided by 21?
20
Calculate the remainder when 29312336 is divided by 9770775.
11
Calculate the remainder when 2296 is divided by 74.
2
What is the remainder when 26822763 is divided by 321?
3
What is the remainder when 112821 is divided by 3133?
33
Calculate the remainder when 192979 is divided by 202.
69
What is the remainder when 195947503 is divided by 405?
403
What is the remainder when 1223256 is divided by 13?
8
What is the remainder when 272145 is divided by 20?
5
What is the remainder when 1529484 is divided by 200?
84
What is the remainder when 2124478 is divided by 239?
7
What is the remainder when 910168 is divided by 909957?
211
Calculate the remainder when 15659109 is divided by 65.
24
Calculate the remainder when 628899 is divided by 20.
19
Calculate the remainder when 33460128 is divided by 22.
20
Calculate the remainder when 264174 is divided by 4063.
79
What is the remainder when 740850 is divided by 24695?
0
Calculate the remainder when 362556 is divided by 120852.
0
What is the remainder when 1083147 is divided by 19?
14
Calculate the remainder when 217599 is divided by 1078.
921
Calculate the remainder when 863627 is divided by 13707.
86
What is the remainder when 114479 is divided by 36177?
5948
Calculate the remainder when 30749 is divided by 3073.
19
What is the remainder when 9967433 is divided by 31443?
2
Calculate the remainder when 159973 is divided by 53308.
49
What is the remainder when 162088 is divided by 452?
272
What is the remainder when 134587563 is divided by 49?
47
Calculate the remainder when 47979 is divided by 1687.
743
What is the remainder when 42774926 is divided by 5980?
5966
What is the remainder when 13489025 is divided by 769?
765
What is the remainder when 2589033 is divided by 25381?
171
What is the remainder when 137514 is divided by 5499?
39
What is the remainder when 133485 is divided 